20))/(4/(-10)). Let g(q) = 4*q**2 + 4*q. Let n be g(-4). Suppose n*u + 710 = t*u. What is the tens digit of u?
4
Suppose 16 = 225*c - 217*c. Suppose -c*z - 4 = 0, -1224 = -5*r + 2*z - 5*z. What is the hundreds digit of r?
2
Let h(p) = 3*p**2 - 3 + 15 - 4*p**2 - 7*p. Let z be h(-8). What is the tens digit of (z - 1 - -71) + -3?
7
Suppose -18*u + 38107 + 20393 = 0. Suppose 5*c - u = -5*q, -q - 2*c = -3*c - 648. What is the units digit of q?
9
Suppose 0 = -322*q + 304*q + 98208. What is the tens digit of q?
5
Let x be -3*1 - (1 - 19). Suppose j + x = 3*f, j = -2*f - 0*j + 15. Suppose f*o + 608 = 1550. What is the hundreds digit of o?
1
Let q be (6 - 6) + 523/1. Let y = 135 + q. What is the hundreds digit of y?
6
Suppose -4*y + 1121 = -851. Suppose j = -3*z + 4*j + 1461, -z - 5*j = -y. What is the units digit of z?
8
Suppose 27*w - 7*w + 76889 = 1412549. What is the units digit of w?
3
Let s(k) = -k**3 - 11*k**2 - 15*k - 18. Let m be s(-10). Suppose 0*o - m = -4*o. Suppose o*h + 624 = 12*h. What is the hundreds digit of h?
1
What is the ten thousands digit of -7*12/(-126) + (-2349676)/(-84)?
2
Suppose r = 3*r + 100. Let p be (-10)/(-15) - (-4)/((-24)/r). Suppose 0 = 4*x - p*x + 4*u + 771, 2 = 2*u. What is the units digit of x?
5
Suppose -4*c = 5*h - 40 - 392, -3*c = h - 82. Let b = 134 - h. What is the units digit of b?
6
Let z(r) be the third derivative of 1211*r**6/120 + r**5/30 - r**4/8 + r**3/2 + 36*r**2 - 1. What is the hundreds digit of z(1)?
2
Suppose 0 = 5*l - 4*r + 9 + 19, 24 = -4*l + 4*r. Let s(m) = m**3 + 7*m**2 + 4*m - 2. Let i be s(-6). What is the tens digit of l/i*(-925)/10?
3
Let a(k) = -21*k + 47. Let g be a(5). Let x = 42 - g. What is the hundreds digit of x?
1
Let x(v) = 94*v + 175. Let a(z) = -47*z - 87. Let l(k) = 9*a(k) + 4*x(k). What is the hundreds digit of l(-7)?
2
Suppose -56198*b + 56167*b + 1097245 = 0. What is the units digit of b?
5
Let x(a) = -4*a**2 + a + 1. Let y(i) = 170*i**2 - 19*i - 47. Let r(n) = -6*x(n) + y(n). What is the units digit of r(-2)?
3
Let d(o) = -3*o**3 + 2*o**2 - o + 9. Let g(n) = 3*n + 26. Let c(k) = -k - 6. Let z be c(4). Let i be g(z). What is the hundreds digit of d(i)?
2
Suppose -2*l + 15149 = b, -b + 17*l + 15129 = 15*l. What is the units digit of b?
9
Let c = -178 - -172. What is the units digit of c - ((8 - 2) + -593)?
1
Suppose -2515 = -5*v + 10*v. Let y = 890 + v. What is the units digit of y?
7
Let r = 691 + -691. Suppose 27*z - 511 = -c + 23*z, r = -5*z - 15. What is the hundreds digit of c?
5
What is the tens digit of 42448/196 + 8/(-14)?
1
Suppose 0 = -5*a + 49 - 24. Suppose -u = a*u - 54. Suppose 0 = -u*x + x + 576. What is the tens digit of x?
7
Suppose 2*l - 2 = 3*l, -5*a + 5*l = -315. Let v = a + 85. Let s = v + -99. What is the units digit of s?
7
Let x(y) = -y**3 + 44*y**2 - 16*y + 230. What is the hundreds digit of x(28)?
3
Let x(z) = -36*z - 11 + 3 + 9*z**2 - 20*z - 7. What is the units digit of x(-5)?
0
Suppose g + p - 8553 = 0, -9*p = 5*g - 10*p - 42741. What is the tens digit of g?
4
What is the units digit of 191076/33 + -2 + (-74)/407?
8
What is the units digit of 6/(-9)*6*(-3181)/2?
2
Suppose 3*c + u = 7888 + 37781, 3*c + 6*u - 45639 = 0. What is the thousands digit of c?
5
Let i be (-2)/(-3) + 4/3. Let n be 3/(-4) + (-399)/140 - (-6)/10. What is the hundreds digit of ((-1)/(-1 + i) - n) + 109?
1
Let k = -3290 - -3799. What is the units digit of k?
9
Let j = -263 - -513. Suppose 0 = z + 16 - j. What is the tens digit of z?
3
Let s be (2 + 1110)*(2 + -1). Suppose s + 28876 = 42*l. What is the hundreds digit of l?
7
Suppose -117462 + 12627 = -18*s + 10995. What is the units digit of s?
5
Let v be 1260/(-40)*(-4)/3. Suppose 3*d - 48 - v = 0. Suppose -d*z = -32*z + 220. What is the hundreds digit of z?
1
Let t(c) = -16*c - 35. Let p = -190 - -181. What is the units digit of t(p)?
9
What is the units digit of (-2 + 10/3)*((-19929726)/(-12))/43?
8
Suppose -2*u = 2 - 0. Let x be u + 0 - -3 - -48. Let k = 3 + x. What is the tens digit of k?
5
Let y(d) = -1355*d - 386. What is the units digit of y(-33)?
9
Suppose b - 2 = 3*l, -3*b - 4*l = -b + 16. Let u(h) = h**3 + 4*h**2 - 4*h - 1. Let r be u(b). Let a = r - 14. What is the units digit of a?
1
Suppose 14*q = 7*q - 546. Let s = q - -80. What is the hundreds digit of (-16 - -156) + 2/(s/(-1))?
1
Suppose 4 = -0*w + w + 2*k, -k = 3*w - 2. Suppose w = -2*u + 13*u - 110. Let s = 35 + u. What is the units digit of s?
5
Let q be 3 + -3*((-10)/6)/(-5). Suppose 2*a + 48 = -2*x, -110 = 5*a + q*x + x. Let p(n) = -5*n + 31. What is the units digit of p(a)?
6
Let x(h) = 23*h**2 - 2*h + 14. Let n = 64 + -68. Let z be x(n). Let q = -155 + z. What is the tens digit of q?
3
Let k = 38 + -28. Suppose 0 = k*d - 7 + 27. What is the units digit of 1526/21 + -2 - d/6?
1
Suppose -3*a - k = 3, -a + 5*k + 7 = -8. Suppose -2*z - 442 + 1988 = a. What is the hundreds digit of z?
7
Suppose -2*a + q = -q - 40, 3*a - 4*q - 57 = 0. Let s = 101 - 118. Let h = a + s. What is the units digit of h?
6
Let x = -3235 - -5478. Let v = -619 + x. What is the hundreds digit of v?
6
Let a(p) = 84*p**2 - 2*p - 8. Let q be a(-4). Let g = q + -520. What is the units digit of g?
4
Let p = 227 + -231. What is the units digit of p*-2*(-81)/(-12)?
4
Suppose 3028 = -8*b + 10084. Suppose -22*i + b = -20*i. What is the hundreds digit of i?
4
Let x = 9447 + -4539. What is the thousands digit of x?
4
Suppose 17*m - 14*m = 4*t - 50355, 6*m = -5*t + 62934. What is the units digit of t?
8
Let n(q) = -6*q + 13. Let j be n(6). Let w = j - -29. Suppose 0 = o - w*o + 155. What is the units digit of o?
1
Suppose -3*f + f + 4 = 3*h, 5*h + 4 = 2*f. Let g = -596 + 872. Suppose 0 = 2*n - h*n - g. What is the hundreds digit of n?
1
What is the hundreds digit of (-1608028)/(-44) - 186/2046?
5
Let n = 25 + 66. Let g = n - 41. Let m = 104 - g. What is the tens digit of m?
5
Let t be ((-2490)/(-45))/(5/(135/(-6))). What is the units digit of (-88)/(-2)*t/(-12)?
3
Let j be (-27504)/(-32) - 1/(-2). Suppose -5*z = 4*k - 1205, 2*z + j = 3*k - 3*z. What is the hundreds digit of k?
2
Let i(w) be the third derivative of -w**6/120 + 3*w**5/20 + 11*w**4/24 - w**3 + 14*w**2. Let z be i(10). What is the tens digit of (-11*1/(4/z))/(-1)?
1
Suppose 0 = a + 3*q - 3 + 5, 2*q = 0. Let l be 40/(-25)*(-2 - (211 - a)). Let z = l + -192. What is the tens digit of z?
5
Let p = -550 + 546. Let n(l) = 80*l - 10. Let z(a) = -27*a + 3. Let v(b) = -6*n(b) - 17*z(b). What is the units digit of v(p)?
3
Let g = -3170 + 7550. What is the tens digit of g?
8
What is the units digit of (-1287)/(-660) - 2 - (-52023)/60?
7
Let t = -43 + 45. Suppose -5*i = t*b + b - 28, -7 = -i - 2*b. What is the tens digit of ((-10)/i)/((-2)/75)?
7
Let k(n) be the third derivative of 0*n + 31/6*n**3 - 12*n**2 + 0 - 1/60*n**5 + 2/3*n**4. What is the units digit of k(17)?
4
Suppose 0 = -4*v + 26 - 10, 4*v = -3*b + 61. What is the tens digit of 102 + -2 - (b + -13)?
9
Suppose 3*h - d - 23 = 0, -d - 3 = 2*h + 2*d. Suppose 0 = -8*f + h*f + 1228. What is the hundreds digit of f?
6
What is the units digit of 893835/90*(-4)/(-6)?
1
Suppose -255948 - 164577 = -45*g. What is the units digit of g?
5
Suppose 2*l = -4*h + 48298, 224*h - 225*h = -l + 24137. What is the ten thousands digit of l?
2
Let o = -4979 + 20823. What is the thousands digit of o?
5
Suppose 12*d + 9 = 13*d, 2*d + 193312 = 5*f. What is the hundreds digit of f?
6
Suppose -4*y = -5*j - 51, 2*j - 35 = 5*y - 120. Let u = -17 + y. Suppose -u*n + 530 = -0*n. What is the hundreds digit of n?
2
Let s be -1 + 19/((-4)/(1*-124)). Let b be 40/(-50) - s/(-10). Suppose w - 4*f - b = 0, 5*w - 2*f + f - 233 = 0. What is the tens digit of w?
4
Let c be ((-11)/22)/((-1)/(-5234)). Let s = -8845 - c. What is the tens digit of 2/(-10) + s/(-90)?
6
Suppose 0 = -2*f - 3*f + 15. Suppose -2*w - 15 = -u, f*w + 20 = 2*u + w. Suppose -o + 291 = 3*v + 4*o, -u*v + 2*o + 485 = 0. What is the tens digit of v?
9
What is the hundreds digit of (1 - -19)*(-295190)/(-616) - 1/11?
5
Let w(j) = 19*j**2 - 7*j - 8. Let g be w(-7). Suppose -5*b - 292 + g = 2*t, b = 2*t - 656. What is the units digit of ((-12)/18)/((-4)/t)?
5
Suppose 11*g - 4*g = 364. Let u = 196 - g. What is the tens digit of u?
4
Suppose 0 = 308*s - 3*s - 983106